multiple of 135?
False
Is 158 a factor of 6236260?
True
Is 14964 a multiple of 58?
True
Is 113 a factor of 3924234?
False
Does 706 divide 1410800?
False
Is 38 a factor of 14068?
False
Is 2704985 a multiple of 163?
True
Does 10 divide 6519810?
True
Is 21 a factor of 2712486?
True
Is 574867 a multiple of 28?
False
Does 8 divide 498968?
True
Is 5989513 a multiple of 24?
False
Does 22 divide 4257006?
False
Does 522 divide 49497?
False
Is 5194512 a multiple of 47?
False
Is 30 a factor of 6773176?
False
Is 44487 a multiple of 3?
True
Does 1167 divide 2350480?
False
Does 16 divide 131712?
True
Is 85460 a multiple of 13?
False
Does 10 divide 822873?
False
Does 7 divide 880068?
True
Does 35 divide 4741520?
True
Is 23 a factor of 17595?
True
Is 56 a factor of 36120?
True
Is 300 a factor of 1858440?
False
Does 140 divide 6261917?
False
Is 72311 a multiple of 5?
False
Does 649 divide 1142240?
True
Is 59430 a multiple of 14?
True
Is 34 a factor of 948894?
False
Is 261 a factor of 238977?
False
Does 103 divide 3852528?
False
Is 345876 a multiple of 164?
True
Does 15 divide 5798100?
True
Is 13 a factor of 236210?
True
Is 6 a factor of 1183290?
True
Does 14 divide 179676?
True
Is 5 a factor of 5653515?
True
Is 2353 a factor of 28680717?
True
Is 56 a factor of 542976?
True
Is 293 a factor of 1522721?
True
Does 4 divide 2717948?
True
Is 26 a factor of 8588598?
False
Is 26680 a multiple of 74?
False
Does 43 divide 30573?
True
Is 20589549 a multiple of 97?
False
Is 535653 a multiple of 240?
False
Does 104 divide 107224?
True
Is 127464 a multiple of 51?
False
Does 52 divide 123176?
False
Is 403704 a multiple of 168?
True
Is 4238172 a multiple of 32?
False
Is 50842 a multiple of 22?
True
Is 406477 a multiple of 2?
False
Is 414 a factor of 76176?
True
Is 130 a factor of 64710?
False
Is 10 a factor of 11640?
True
Is 157 a factor of 1302472?
True
Does 9 divide 167499?
True
Is 309865 a multiple of 20?
False
Does 4 divide 151201?
False
Is 18562176 a multiple of 128?
True
Is 327247 a multiple of 13?
False
Is 5600 a multiple of 224?
True
Is 8 a factor of 79334?
False
Does 16 divide 437584?
True
Is 2010855 a multiple of 55?
True
Is 16 a factor of 23696?
True
Is 14 a factor of 122005?
False
Is 48396 a multiple of 109?
True
Does 12 divide 90801?
False
Does 35 divide 4559380?
True
Is 47 a factor of 1598192?
False
Is 34 a factor of 580550?
True
Does 147 divide 6963243?
True
Is 2338700 a multiple of 70?
True
Is 9 a factor of 984632?
False
Does 10 divide 383277?
False
Is 206 a factor of 244240?
False
Is 16 a factor of 303401?
False
Is 200720 a multiple of 386?
True
Is 250 a factor of 5963889?
False
Does 19 divide 39900555?
False
Is 68 a factor of 412828?
True
Does 111 divide 4446105?
True
Is 10646 a multiple of 27?
False
Does 7 divide 41972?
True
Does 46 divide 548747?
False
Is 360568 a multiple of 52?
True
Does 25 divide 77600?
True
Is 138003 a multiple of 471?
True
Is 14 a factor of 916678?
True
Is 13 a factor of 1018212?
True
Does 69 divide 280007?
False
Is 7425 a multiple of 11?
True
Is 31 a factor of 763048?
False
Does 29 divide 264683?
True
Is 13 a factor of 6610837?
False
Does 11 divide 73731?
False
Does 19 divide 292774?
False
Does 30 divide 80444?
False
Is 340108 a multiple of 26?
False
Does 22 divide 106326?
True
Does 10 divide 4202920?
True
Is 291 a factor of 120384?
False
Is 145 a factor of 7761560?
True
Does 491 divide 651557?
True
Does 16 divide 3936896?
True
Is 281 a factor of 258231?
False
Does 11 divide 87036?
False
Is 525469 a multiple of 573?
False
Is 27 a factor of 26094580?
False
Does 118 divide 506048?
False
Does 12 divide 1943881?
False
Is 659022 a multiple of 442?
True
Does 7 divide 55323?
False
Is 46 a factor of 2033844?
True
Does 14 divide 175423?
False
Is 391 a factor of 5079257?
False
Does 10 divide 368970?
True
Does 120 divide 3443400?
True
Is 243 a factor of 59698?
False
Does 12 divide 155552?
False
Is 10 a factor of 77250?
True
Does 20 divide 3348402?
False
Is 82 a factor of 168756?
True
Does 33 divide 58982?
False
Is 2617977 a multiple of 624?
False
Is 529583 a multiple of 478?
False
Is 19 a factor of 198355?
False
Is 92880 a multiple of 270?
True
Is 7 a factor of 162677?
False
Is 17268 a multiple of 4?
True
Does 44 divide 139731?
False
Is 2 a factor of 482320?
True
Is 33 a factor of 24790?
False
Does 9 divide 221760?
True
Is 1046736 a multiple of 216?
True
Is 16 a factor of 1599937?
False
Is 49 a factor of 31775?
False
Does 391 divide 474377?
False
Is 1423280 a multiple of 4?
True
Is 584 a factor of 5454560?
True
Is 842974 a multiple of 11?
True
Does 27 divide 2072378?
False
Is 370585 a multiple of 22?
False
Does 50 divide 679492?
False
Is 10 a factor of 122270?
True
Is 23 a factor of 392978?
True
Is 143 a factor of 787027?
False
Is 37933407 a multiple of 21?
False
Is 791 a factor of 8680434?
True
Is 280660 a multiple of 19?
False
Does 24 divide 51912?
True
Is 294030 a multiple of 18?
True
Is 182348 a multiple of 51?
False
Is 486 a factor of 170221?
False
Does 1188 divide 1458864?
True
Is 538 a factor of 2723894?
True
Does 21 divide 261858?
False
Is 30 a factor of 183210?
True
Does 1275 divide 3349425?
True
Is 167 a factor of 662489?
True
Is 2126950 a multiple of 295?
True
Does 7 divide 589020?
False
Does 92 divide 12420?
True
Is 417 a factor of 1739307?
True
Is 103 a factor of 7461320?
True
Is 8 a factor of 3268792?
True
Is 35 a factor of 926059?
False
Is 21 a factor of 1532058?
False
Does 54 divide 766978?
False
Is 13 a factor of 356486?
True
Is 110746 a multiple of 374?
False
Does 8 divide 19184?
True
Does 6 divide 630577?
False
Does 25 divide 1284275?
True
Is 6 a factor of 18684?
True
Is 1182124 a multiple of 118?
True
Is 392 a factor of 2849056?
True
Does 41 divide 1114872?
True
Does 80 divide 580335?
False
Does 244 divide 188612?
True
Is 235 a factor of 755136?
False
Does 7 divide 4014304?
True
Does 8 divide 2332416?
True
Is 470 a factor of 16084340?
True
Does 21 divide 479588?
False
Is 12930894 a multiple of 18?
True
Is 18164 a multiple of 202?
False
Is 5687604 a multiple of 26?
True
Is 13104 a multiple of 48?
True
Is 5838981 a multiple of 65?
False
Does 44 divide 707388?
True
Is 1211412 a multiple of 157?
True
Is 750 a factor of 684750?
True
Does 24 divide 6776640?
True
Is 256 a factor of 697088?
True
Is 10042721 a multiple of 757?
False
Is 314 a factor of 3152528?
False
Is 29 a factor of 20358?
True
Does 23 divide 387228?
True
Is 18 a factor of 1391598?
True
Is 240 a factor of 165148?
False
Is 9 a factor of 896070?
False
Is 2951040 a multiple of 240?
True
Is 10 a factor of 640303?
False
Is 486 a factor of 9338490?
True
Is 5266359 a multiple of 63?
True
Is 39 a factor of 853008?
True
Is 47870 a multiple of 69?
False
Is 721270 a multiple of 11?
True
Is 16 a factor of 15255?
False
Is 98536 a multiple of 436?
True
Is 15460368 a multiple of 77?
True
Is 24059 a multiple of 685?
False
Is 11617225 a multiple of 26?
False
Does 741 divide 7835334?
True
Is 356 a factor of 204344?
True
Is 188 a factor of 265020?
False
Is 54588 a multiple of 154?
False
Is 97507 a multiple of 116?
False
Is 513 a factor of 14387912?
False
Does 20 divide 92307?
False
Is 238810 a multiple of 26?
True
Is 5325540 a multiple of 60?
True
Is 4763 a multiple of 81?
False
Does 50 divide 4337080?
False
Is 1601 a factor of 8185717?
False
Is 540012 a multiple of 66?
True
Is 16 a factor of 5335968?
True
Is 80 a factor of 920239?
False
Is 75 a factor of 7079447?
False
Is 62 a factor of 2257081?
False
Is 408240 a multiple of 10?
True
Is 257 a factor of 3770251?
False
Is 3273431 a multiple of 14?
False
Is 110 a factor of 75042?
False
Is 54 a factor of 39852?
True
Is 30 a factor of 48480?
True
Is 190808 a multiple of 8?
True
Does 28 divide 371781?
False
Does 19 divide 363394?
True
Does 2 divide 53821?
False
Is 619 a factor of 9736251?
True
Does 178 divide 465292?
True
Does 1687 divide 5645428?
False
Is 163880 a multiple of 7?
False
Does 51 divide 981174?
False
Is 8 a factor of 229082?
False
Is 284905 a multiple of 95?
True
Is 38 a factor of 16530?
True
Is 235 a factor of 8587605?
True
Does 47 divide 1989322?
True
Does 25 divide 13675?
True
Is 13 a factor of 292188?
True
Does 385 divide 2306790?
False
Does 27 divide 92255?
False
Is 5342382 a multiple of 57?
True
Is 238 a factor of 